{"id":198,"date":"2015-08-18T15:57:23","date_gmt":"2015-08-18T13:57:23","guid":{"rendered":"http:\/\/skateboardschule-frankfurt.de\/sk8hrd\/?page_id=198"},"modified":"2022-01-21T20:39:38","modified_gmt":"2022-01-21T19:39:38","slug":"faqs","status":"publish","type":"page","link":"https:\/\/skateboardschule-frankfurt.de\/sk8hrd\/faqs\/","title":{"rendered":"H\u00e4ufig gestellte Fragen"},"content":{"rendered":"<p><strong>Muss ich mich oder mein Kind vorher Anmelden, oder kann ich einfach zum Kurs in den Park kommen?<\/strong><\/p>\n<p>JA. Eine Anmeldung per Email ist erforderlich. Diese wird dann verbindlich best\u00e4tigt.<\/p>\n<p><strong>Wann beginnt der Kurs ? <\/strong><\/p>\n<p>Der Kurs findet in der Regel von 10:00 \u2013 13:00 Uhr statt.<\/p>\n<p><strong>F\u00e4llt der Kurs bei Regen oder N\u00e4sse aus?<\/strong><\/p>\n<p>Nein der Kurs f\u00e4llt nicht aus. Bei N\u00e4sse bitte ich um einen Anruf ab 09:00 Uhr und ich gebe einen alternativen Treffpunkt bekannt.<\/p>\n<p><strong><br \/>\nWir haben Helm und Sch\u00fctzer sollen wir diese mitbringen?<\/strong><\/p>\n<p>Generell stelle ich die Schutzausr\u00fcstung zu Verf\u00fcgung, es ist aber gut wenn eigene Sch\u00fctzer zus\u00e4tzlich mitgebracht werden, da ich nicht garantieren kann das wir alle Gr\u00f6\u00dfen immer in der ben\u00f6tigten Anzahl anbieten k\u00f6nnen.<\/p>\n<p><strong>Mein Kind m\u00f6chte mit seinem Longboard, Penny Board oder dem alten Skateboard von Papa mitmachen. Geht das?<\/strong><\/p>\n<p>Der Skatepark bietet sehr viel Kurven und H\u00fcgel in verschiedenen Schwierigkeits-Varianten, diese werden von uns im Kurs erobert und gefahren. Mit einem Longboard oder Pennyboard ist das nicht m\u00f6glich. Ich stelle professionelle Skateboards zu Verf\u00fcgung habe nat\u00fcrlich nichts dagegen wenn eigene Skateboards mitgebracht werden, ob diese dann auch benutzt werden k\u00f6nnen entscheide ich wenn ich die Hardware also das Board sehe oder es ausprobiere.<\/p>\n<p><strong><br \/>\nKann ich w\u00e4hrend dem Kurs meinem Kind zuschauen oder ist es besser wenn ich solange woanders warte?<\/strong><\/p>\n<p>Es ist besser f\u00fcr uns und f\u00fcr die Kids wenn sie nicht von den Eltern beobachtet werden. Skateboarding ist gerade am Anfang viel Kopfsache und es ist nicht f\u00f6rderlich f\u00fcr uns Lehrer und die Teilnehmer wenn man sich unter den Blicken der Eltern befindet. Es wird gew\u00fcnscht dass die Eltern sich in der Zeit des Kurses nicht im Skatepark aufhalten. Nat\u00fcrlich haben wir nichts dagegen wenn 15 min vor Kursende die Eltern anwesend sind und die Fortschritte der Kids oder der Late Beginner bestaunen und oder fototechnisch festhalten.<\/p>\n","protected":false},"excerpt":{"rendered":"<p>Muss ich mich oder mein Kind vorher Anmelden, oder kann ich einfach zum Kurs in den Park kommen? JA. Eine Anmeldung per Email ist erforderlich. Diese wird dann verbindlich best\u00e4tigt. Wann beginnt der Kurs ? Der Kurs findet in der Regel von 10:00 \u2013 13:00 Uhr statt. F\u00e4llt der Kurs bei Regen oder N\u00e4sse aus? [&hellip;]<\/p>\n","protected":false},"author":2,"featured_media":0,"parent":0,"menu_order":0,"comment_status":"closed","ping_status":"closed","template":"","meta":{"footnotes":""},"class_list":["post-198","page","type-page","status-publish","hentry","post"],"_links":{"self":[{"href":"https:\/\/skateboardschule-frankfurt.de\/sk8hrd\/wp-json\/wp\/v2\/pages\/198","targetHints":{"allow":["GET"]}}],"collection":[{"href":"https:\/\/skateboardschule-frankfurt.de\/sk8hrd\/wp-json\/wp\/v2\/pages"}],"about":[{"href":"https:\/\/skateboardschule-frankfurt.de\/sk8hrd\/wp-json\/wp\/v2\/types\/page"}],"author":[{"embeddable":true,"href":"https:\/\/skateboardschule-frankfurt.de\/sk8hrd\/wp-json\/wp\/v2\/users\/2"}],"replies":[{"embeddable":true,"href":"https:\/\/skateboardschule-frankfurt.de\/sk8hrd\/wp-json\/wp\/v2\/comments?post=198"}],"version-history":[{"count":11,"href":"https:\/\/skateboardschule-frankfurt.de\/sk8hrd\/wp-json\/wp\/v2\/pages\/198\/revisions"}],"predecessor-version":[{"id":387,"href":"https:\/\/skateboardschule-frankfurt.de\/sk8hrd\/wp-json\/wp\/v2\/pages\/198\/revisions\/387"}],"wp:attachment":[{"href":"https:\/\/skateboardschule-frankfurt.de\/sk8hrd\/wp-json\/wp\/v2\/media?parent=198"}],"curies":[{"name":"wp","href":"https:\/\/api.w.org\/{rel}","templated":true}]}}